 q(s)?
2
Suppose 6 = -s + 1. Suppose 2 = -o - v + 2*v, 2*o = -v + 8. Let g(x) = -o*x + 6*x**2 - x**2 + x - 7 + x**3. Calculate g(s).
-2
Let b(z) = 9*z**2 - 17*z + 8. Let d(t) = -5*t**2 + 9*t - 4. Let m(x) = 4*b(x) + 7*d(x). What is m(4)?
0
Let k = -18 + 12. Let f(s) be the second derivative of s**3/6 + 4*s**2 - s. What is f(k)?
2
Let i = 16 + -15. Let g(n) be the first derivative of 5*n**4/4 - n**2 + n + 3. Determine g(i).
4
Let f(x) be the second derivative of 2/3*x**3 + 0 - 5*x - 1/2*x**2. What is f(2)?
7
Let i(l) = -30*l**2 + 6*l - 2 + 24*l**2 - l**3 - 8. Calculate i(-7).
-3
Let a be 10/8 - (-30)/40. Let v(f) = 12*f - f**2 + a*f**2 - 2*f**2 - 5*f. What is v(6)?
6
Suppose 3*t = 3 - 0. Let m(y) = 15*y**2 - 2*y + 1. Determine m(t).
14
Let y(v) = -v**2 - 17*v - 46. Let n be y(-14). Let x(i) = -i - 4. Give x(n).
0
Let c(n) = n**2 + 6*n - 8. Let w be c(-7). Let f(s) = -3 + 2 + 4*s**2 - 2*s - s**2. Give f(w).
4
Let s(q) = 2*q + 6. Let k be s(-5). Let m(g) = 2*g**2 + 5*g - 4. What is m(k)?
8
Let x(w) = -w**2. Let z(g) = -2*g**2 + 9*g - 12. Let r be z(2). Calculate x(r).
-4
Let v = 25 - 32. Let j(i) = i**2 + 5*i - 5. Determine j(v).
9
Let q(d) be the third derivative of -d**5/60 + d**4/24 + d**3 - 4*d**2. Determine q(0).
6
Let l(w) = 7*w**3 - w**2 - w + 1. Let s = -47 + 48. Determine l(s).
6
Suppose -16*x = -3*x - 52. Let b(l) = -l**3 + l**2 - l. Let d(f) = 5*f**3 - 9*f**2 + 7*f + 3. Let o(q) = -4*b(q) - d(q). Determine o(x).
1
Let l(f) = -f**2 - 6*f - 1. Let i(n) = 7*n**2 - n - 6. Let t(a) = -8*a**2 + a + 7. Let z(d) = -7*i(d) - 6*t(d). Let p(v) = -l(v) - 6*z(v). Calculate p(-1).
8
Let a(t) = -t + 13. Suppose -12 = -q - q. Calculate a(q).
7
Let q(z) = -5*z**3 + 3*z - 2. Let v be q(1). Let j(o) = 5*o + 6. What is j(v)?
-14
Let a(q) = -q**3 + q**2 + q + 1. Let i(b) = -10*b**3 + b. Let f(r) = -a(r) - i(r). What is f(-1)?
-11
Let m(x) be the second derivative of -x**3/3 - 9*x**2/2 - x. Determine m(-6).
3
Let j be 36/30*5/(-2). Let l(h) = -h + 2. What is l(j)?
5
Let g(d) be the first derivative of 1/3*d**3 - 5/2*d**2 - 2*d + 1. Let l be ((-4)/8)/((-2)/16). What is g(l)?
-6
Let c(w) = -w**3 + 3*w**2 - 3*w + 2. Let j be 8/(-44) + (-642)/(-22). Suppose -3*y + 19 = -2*i, -3*y + i = -3*i - j. Calculate c(y).
-7
Let g(o) = -o**3 + 6*o**2 - o + 4. Let a be g(6). Let n = 5 - 3. Let h(d) = d**2 + 0*d**3 - 2*d**3 - n*d**2 + 2 - 3 + d. Determine h(a).
9
Let v(y) = -y**2 + 6*y - 5. Suppose 5*n = 20 - 0. Let t be 3/(-6) + 18/n. Determine v(t).
3
Let c(j) = 3*j - 5. Let v = -14 - -15. Suppose p - 3 = v. What is c(p)?
7
Let p(g) be the second derivative of -g**3/3 + 5*g**2/2 + 9*g. Calculate p(-6).
17
Suppose 6*q - 48 = 14*q. Let h(l) = l**3 + 5*l**2 - 7*l - 1. What is h(q)?
5
Let h(i) = -12*i**3 - 78*i**2 + 80*i**2 + 13*i**3. Determine h(-3).
-9
Let o = 0 - 1. Let t(c) be the second derivative of c**7/360 - c**6/720 - c**5/120 + c**4/3 + c. Let p(n) be the third derivative of t(n). What is p(o)?
7
Let n(w) be the first derivative of w**4/4 - w**3/3 - 5*w**2/2 + 2*w - 19. Determine n(3).
5
Let f(s) = -s**2 - 4*s + 2. Let p be f(-4). Let b = 3 + p. Let h(d) be the third derivative of d**5/60 - d**4/12 - 7*d**3/6 + 2*d**2. What is h(b)?
8
Let g(q) be the first derivative of -1/4*q**4 + 2*q - q**2 + 3 + 5/3*q**3. Calculate g(5).
-8
Let d(z) = z**3 - 2*z + 1. Let w be d(2). Let s(l) = l**3 - 5*l**2 - l + 5. What is s(w)?
0
Suppose -2*m + 22 = -5*v, -4*v = -m + 20 - 0. Let f(c) = -c**2 - 5*c + 3. Give f(v).
-3
Let u(h) = -24*h + 24. Let p(b) = -5*b + 5. Let i(f) = 14*p(f) - 3*u(f). What is i(-2)?
-6
Suppose -42 = 5*y - 142. Suppose -m - y = -5*m. Let h(c) = c**3 - 4*c**2 - 5*c + 4. Calculate h(m).
4
Let d(b) be the third derivative of 2*b**5/15 - b**4/12 + b**3/6 - 7*b**2. Determine d(1).
7
Let y(b) = 8*b**2 + 5. Let j(z) = -17*z**2 - 11. Let g(n) = 4*j(n) + 9*y(n). Give g(-2).
17
Let v(b) = -b + 1. Let y(q) = -q**2 - q + 14. Let c(r) = 6*v(r) - y(r). What is c(6)?
-2
Let a(v) be the second derivative of -v**3/6 + 4*v + 10. Suppose 5*n - 18 = 2*n. Let z = n - 11. Give a(z).
5
Let w(o) = -11*o - 1. Let i(y) = -12*y. Let z(f) = -4*i(f) + 5*w(f). Suppose -2*r = 6 + 4. Let n(q) = -10*q - 7. Let p(x) = r*n(x) + 7*z(x). Calculate p(4).
4
Let q(w) = 6*w**3 - w**2 - w + 2. Let c be q(1). Let p(n) = -2*n + 7. What is p(c)?
-5
Let i(a) = a**3 + 14*a**2 - 13*a + 32. Let m be i(-15). Let v(t) = t**3 - 3*t**2 + 3*t. What is v(m)?
2
Let j be (10/(-30))/((-3)/45). Suppose 2*q = 3*c - 4, -c + 2*c - 4 = -2*q. Let m(o) = -5*o**2 + 0 - 1 + c*o**2 + o**3 + j*o**2. Give m(-1).
0
Let n(u) = 6*u**3 - 6*u**2 - 6*u - 8. Let y(c) = 6*c**3 - 5*c**2 - 5*c - 7. Let h(d) = -6*n(d) + 7*y(d). Let z = 9 - 7. Suppose -b + z = 1. Calculate h(b).
7
Let x(u) = u**2 + 8*u - 1. Let p = 3 + -8. Calculate x(p).
-16
Let b(m) = -2*m**3 - 5*m**2 - 2*m + 2. Let c(a) = -a**3 - 5*a**2 + 2*a + 7. Let h be c(-5). Determine b(h).
17
Suppose -17*i = -18*i - 7. Let x(r) = r**2 + 9*r - 1. Give x(i).
-15
Let p(j) = 3*j**2 - 21*j + 28. Let k be (30/(-9))/(12/(-18)). Let g(b) = 2*b**2 - 14*b + 19. Let d(o) = k*p(o) - 7*g(o). Calculate d(5).
-3
Let f(n) = -4*n + 13. Let c(g) = -g + 1. Let s(j) = -3*c(j) + f(j). Let k be s(8). Let q(p) = -6 + 6*p + 11*p**2 + k - 10*p**2. What is q(-6)?
-4
Let g(v) = -3*v**3 - 19*v**2 + 7*v - 22. Let j(d) = d**3 + 6*d**2 - 2*d + 7. Let h(q) = 2*g(q) + 7*j(q). Determine h(-4).
5
Let s be (0/(-9)*2/4)/2. Let r(f) = -f**3 + f**2 + 9. Determine r(s).
9
Let d(f) be the second derivative of 0*f**3 + 0 + 3*f - 1/2*f**2 - 1/4*f**4. What is d(-1)?
-4
Let u be 4/(-6) - 20/6. Let x(q) = -q**2 + 9*q - 12. Let c be x(6). Let g(i) = -3*i + 0*i - 12 + c. What is g(u)?
6
Let v(a) = 15 + 2*a - 2*a - 18 + 2*a. Suppose -6 = -2*h - 0. Give v(h).
3
Let b = 34 - 16. Suppose -m - 2*m = b. Let o(t) = t**3 + 6*t**2 - 6. Calculate o(m).
-6
Let b(p) = -4*p**2 + 3*p + 6*p**2 + 3 - p**2 + 6*p. What is b(-9)?
3
Let s(h) be the first derivative of -1 + 1/3*h**3 + 2*h**2 - h. Determine s(-5).
4
Let d be -5 + 9 - 21/3. Let g(p) be the first derivative of -p**3/3 - 3*p**2/2 - p + 1. Determine g(d).
-1
Suppose 3*i + 3*r - 3 = 0, -5*i = r + 2*r - 9. Let l(b) = -b**2 + b. Determine l(i).
-6
Suppose -2*q = 2*g - 16, -q = 2*q + g - 16. Suppose -h + 3*m - m = -28, 0 = q*h - m - 91. Let c = h - 16. Let i(n) = n**3 - 6*n**2 - n - 1. Calculate i(c).
-7
Let c(y) be the second derivative of y**4/12 - 7*y**3/6 - y**2 + 4*y. What is c(7)?
-2
Let n = 3 - 0. Let f(h) = -4*h**2 + 6*h**2 - h**2 + h**3 + 1 - n*h + h**2. Determine f(-3).
1
Suppose 0 = -y + 9*y - 48. Let o(q) = q**3 - 6*q**2 - q + 2. What is o(y)?
-4
Suppose 5*z + 24 = -1. Let l(c) = -3*c**2 - 1 + 0*c**2 - 3*c + 2*c**2 + 5. Determine l(z).
-6
Suppose -3*g = g. Suppose w = -5*q + 22, 2*w + g*w + 16 = 2*q. Suppose q*h + 29 = b + 3*b, 25 = -4*h + 5*b. Let r(l) = l**2 + 5*l + 1. Calculate r(h).
1
Let p be (-3)/(-6)*(11 + -1). Let y(b) = -b - 2. Give y(p).
-7
Suppose 3*p + 32 = -p. Let m = p + 13. Suppose m*g + 2 = 2*v - 1, -5*v + 17 = -3*g. Let r(i) = i - 5. Determine r(v).
-1
Let m(u) = -u**2 + 4*u - 7. Let p(f) = 4*f**3 - f**2 - 3*f + 2. Let b be p(2). Let s = b - 19. Give m(s).
-12
Let h(v) be the first derivative of -v**2 + 3*v + 1. What is h(4)?
-5
Let t(u) be the third derivative of u**8/20160 + u**7/840 + u**6/720 - u**5/60 - 3*u**2. Let c(s) be the third derivative of t(s). Determine c(-5).
-4
Let s(j) be the third derivative of -1/12*j**4 + 0 + 0*j + j**2 + 1/3*j**3. Let o be 1 - (-2 - (1 + 0)). Determine s(o).
-6
Let x(d) be the third derivative of d**6/120 + d**5/30 - d**4/6 - d**3/2 + d**2 + 5. Calculate x(-4).
-19
Let c = 1 + 3. Suppose -y = c*y. Suppose 0 = -5*n - y*n - 10. Let k(x) = 2*x - 2. Give k(n).
-6
Let c(o) be the third derivative of -o**4/6 + o**3/3 - 20*o**2. Calculate c(5).
-18
Let k = 37 + -29. Let r(f) = f**3 - 8*f**2 + 2*f - 10. What is r(k)?
6
Let i(r) = -r - 5. Let f be i(-7). Suppose f*s = 2 - 12. Let h(n) be the second derivative of -n**4/12 - n**3/3 + 7*n**2/2 + n. Determine h(s).
-8
Let g(o) = o + 1. Let n = -4 - -4. Suppose -h + w - 1 = n, -h + 2 + 13 = -5*w. Determine g(h).
-4
Let g(a) = -2*a + 10. Let z(d) = -5*d + 31. Let w(s) = -8*g(s) + 3*z(s). Give w(-6).
7
Let d(v) be the second derivative of -1/6*v**3 + v + 3/2*v**2 + 0. Calculate d(4).
-1